{"id":898,"date":"2018-11-19T20:07:06","date_gmt":"2018-11-19T19:07:06","guid":{"rendered":"https:\/\/www.tvettingen.ch\/extranet\/?page_id=898"},"modified":"2018-11-19T20:28:31","modified_gmt":"2018-11-19T19:28:31","slug":"vereinsfahnen","status":"publish","type":"page","link":"https:\/\/www.tvettingen.ch\/extranet\/vereinsfahnen\/","title":{"rendered":"Vereinsfahnen"},"content":{"rendered":"<p><div class=\"fusion-fullwidth fullwidth-box fusion-builder-row-1 nonhundred-percent-fullwidth non-hundred-percent-height-scrolling\" style=\"--awb-border-radius-top-left:0px;--awb-border-radius-top-right:0px;--awb-border-radius-bottom-right:0px;--awb-border-radius-bottom-left:0px;--awb-flex-wrap:wrap;\" ><div class=\"fusion-builder-row fusion-row\"><div class=\"fusion-layout-column fusion_builder_column fusion-builder-column-0 fusion_builder_column_2_3 2_3 fusion-two-third fusion-column-first\" style=\"--awb-bg-size:cover;width:66.666666666667%;width:calc(66.666666666667% - ( ( 4% ) * 0.66666666666667 ) );margin-right: 4%;\"><div class=\"fusion-column-wrapper fusion-flex-column-wrapper-legacy\"><div class=\"fusion-title title fusion-title-1 fusion-sep-none fusion-title-text fusion-title-size-one\"><h1 class=\"fusion-title-heading title-heading-left fusion-responsive-typography-calculated\" style=\"margin:0;--fontSize:34;line-height:1.4;\"><h1>Vereinsfahnen<\/h1><\/h1><\/div><div class=\"fusion-clearfix\"><\/div><\/div><\/div><div class=\"fusion-layout-column fusion_builder_column fusion-builder-column-1 fusion_builder_column_1_3 1_3 fusion-one-third fusion-column-last\" style=\"--awb-bg-size:cover;width:33.333333333333%;width:calc(33.333333333333% - ( ( 4% ) * 0.33333333333333 ) );\"><div class=\"fusion-column-wrapper fusion-flex-column-wrapper-legacy\"><div class=\"fusion-clearfix\"><\/div><\/div><\/div><\/div><\/div><div class=\"fusion-fullwidth fullwidth-box fusion-builder-row-2 nonhundred-percent-fullwidth non-hundred-percent-height-scrolling\" style=\"--awb-border-radius-top-left:0px;--awb-border-radius-top-right:0px;--awb-border-radius-bottom-right:0px;--awb-border-radius-bottom-left:0px;--awb-flex-wrap:wrap;\" ><div class=\"fusion-builder-row fusion-row\"><div class=\"fusion-layout-column fusion_builder_column fusion-builder-column-2 fusion_builder_column_2_3 2_3 fusion-two-third fusion-column-first\" style=\"--awb-bg-size:cover;width:66.666666666667%;width:calc(66.666666666667% - ( ( 4% ) * 0.66666666666667 ) );margin-right: 4%;\"><div class=\"fusion-column-wrapper fusion-flex-column-wrapper-legacy\"><div class=\"fusion-title title fusion-title-2 fusion-sep-none fusion-title-text fusion-title-size-one\"><h1 class=\"fusion-title-heading title-heading-left fusion-responsive-typography-calculated\" style=\"margin:0;--fontSize:34;line-height:1.4;\"><h2>1904<\/h2><\/h1><\/div><div class=\"fusion-text fusion-text-1\"><p>Bereits zwei Jahre nach der Gr\u00fcndungsfeier beschloss der damals noch junge Verein, eine Fahne anzuschaffen. Dies bedeutete f\u00fcr die Vereinskasse eine starke finanzielle Belastung. Doch mit einer Sammelaktion im Dorf konnten die notwendigen 360 Franken aufgetrieben werden.<\/p>\n<\/div><div class=\"fusion-clearfix\"><\/div><\/div><\/div><div class=\"fusion-layout-column fusion_builder_column fusion-builder-column-3 fusion_builder_column_1_3 1_3 fusion-one-third fusion-column-last\" style=\"--awb-bg-size:cover;width:33.333333333333%;width:calc(33.333333333333% - ( ( 4% ) * 0.33333333333333 ) );\"><div class=\"fusion-column-wrapper fusion-flex-column-wrapper-legacy\"><div class=\"fusion-text fusion-text-2\"><\/div><div class=\"fusion-image-element in-legacy-container\" style=\"--awb-caption-title-font-family:var(--h2_typography-font-family);--awb-caption-title-font-weight:var(--h2_typography-font-weight);--awb-caption-title-font-style:var(--h2_typography-font-style);--awb-caption-title-size:var(--h2_typography-font-size);--awb-caption-title-transform:var(--h2_typography-text-transform);--awb-caption-title-line-height:var(--h2_typography-line-height);--awb-caption-title-letter-spacing:var(--h2_typography-letter-spacing);\"><span class=\" fusion-imageframe imageframe-none imageframe-1 hover-type-none\"><img decoding=\"async\" width=\"230\" height=\"155\" title=\"vereinsfahnen-1904\" src=\"https:\/\/www.tvettingen.ch\/extranet\/wp-content\/uploads\/2018\/11\/vereinsfahnen-1904.jpg\" alt class=\"img-responsive wp-image-899\" srcset=\"https:\/\/www.tvettingen.ch\/extranet\/wp-content\/uploads\/2018\/11\/vereinsfahnen-1904-200x135.jpg 200w, https:\/\/www.tvettingen.ch\/extranet\/wp-content\/uploads\/2018\/11\/vereinsfahnen-1904.jpg 230w\" sizes=\"(max-width: 800px) 100vw, 230px\" \/><\/span><\/div><div class=\"fusion-clearfix\"><\/div><\/div><\/div><\/div><\/div><div class=\"fusion-fullwidth fullwidth-box fusion-builder-row-3 nonhundred-percent-fullwidth non-hundred-percent-height-scrolling\" style=\"--awb-border-radius-top-left:0px;--awb-border-radius-top-right:0px;--awb-border-radius-bottom-right:0px;--awb-border-radius-bottom-left:0px;--awb-flex-wrap:wrap;\" ><div class=\"fusion-builder-row fusion-row\"><div class=\"fusion-layout-column fusion_builder_column fusion-builder-column-4 fusion_builder_column_2_3 2_3 fusion-two-third fusion-column-first\" style=\"--awb-bg-size:cover;width:66.666666666667%;width:calc(66.666666666667% - ( ( 4% ) * 0.66666666666667 ) );margin-right: 4%;\"><div class=\"fusion-column-wrapper fusion-flex-column-wrapper-legacy\"><div class=\"fusion-title title fusion-title-3 fusion-sep-none fusion-title-text fusion-title-size-one\"><h1 class=\"fusion-title-heading title-heading-left fusion-responsive-typography-calculated\" style=\"margin:0;--fontSize:34;line-height:1.4;\"><h2 data-fontsize=\"16\" data-lineheight=\"24\">Postkarte zur Fahnenweihe 1904<\/h2><\/h1><\/div><div class=\"fusion-text fusion-text-3\"><p>Im Fr\u00fchsommer 1904 durfte das neue Banner mit einer Fahnenweihe im Niederhof seinem edlen Zweck \u00fcbergeben werden. Als Patensektion amtete der Turnverein Oberwil. 40 Jahre sp\u00e4ter hatte das alte ehrw\u00fcrdige Banner ausgedient.<\/p>\n<\/div><div class=\"fusion-clearfix\"><\/div><\/div><\/div><div class=\"fusion-layout-column fusion_builder_column fusion-builder-column-5 fusion_builder_column_1_3 1_3 fusion-one-third fusion-column-last\" style=\"--awb-bg-size:cover;width:33.333333333333%;width:calc(33.333333333333% - ( ( 4% ) * 0.33333333333333 ) );\"><div class=\"fusion-column-wrapper fusion-flex-column-wrapper-legacy\"><div class=\"fusion-text fusion-text-4\"><\/div><div class=\"fusion-image-element in-legacy-container\" style=\"--awb-caption-title-font-family:var(--h2_typography-font-family);--awb-caption-title-font-weight:var(--h2_typography-font-weight);--awb-caption-title-font-style:var(--h2_typography-font-style);--awb-caption-title-size:var(--h2_typography-font-size);--awb-caption-title-transform:var(--h2_typography-text-transform);--awb-caption-title-line-height:var(--h2_typography-line-height);--awb-caption-title-letter-spacing:var(--h2_typography-letter-spacing);\"><span class=\" fusion-imageframe imageframe-none imageframe-2 hover-type-none\"><img decoding=\"async\" width=\"300\" height=\"195\" title=\"postkarte-1904\" src=\"https:\/\/www.tvettingen.ch\/extranet\/wp-content\/uploads\/2018\/11\/postkarte-1904-300x195.jpg\" alt class=\"img-responsive wp-image-905\" srcset=\"https:\/\/www.tvettingen.ch\/extranet\/wp-content\/uploads\/2018\/11\/postkarte-1904-200x130.jpg 200w, https:\/\/www.tvettingen.ch\/extranet\/wp-content\/uploads\/2018\/11\/postkarte-1904-400x260.jpg 400w, https:\/\/www.tvettingen.ch\/extranet\/wp-content\/uploads\/2018\/11\/postkarte-1904-600x389.jpg 600w, https:\/\/www.tvettingen.ch\/extranet\/wp-content\/uploads\/2018\/11\/postkarte-1904.jpg 721w\" sizes=\"(max-width: 800px) 100vw, 400px\" \/><\/span><\/div><div class=\"fusion-clearfix\"><\/div><\/div><\/div><\/div><\/div><div class=\"fusion-fullwidth fullwidth-box fusion-builder-row-4 nonhundred-percent-fullwidth non-hundred-percent-height-scrolling\" style=\"--awb-border-radius-top-left:0px;--awb-border-radius-top-right:0px;--awb-border-radius-bottom-right:0px;--awb-border-radius-bottom-left:0px;--awb-flex-wrap:wrap;\" ><div class=\"fusion-builder-row fusion-row\"><div class=\"fusion-layout-column fusion_builder_column fusion-builder-column-6 fusion_builder_column_2_3 2_3 fusion-two-third fusion-column-first\" style=\"--awb-bg-size:cover;width:66.666666666667%;width:calc(66.666666666667% - ( ( 4% ) * 0.66666666666667 ) );margin-right: 4%;\"><div class=\"fusion-column-wrapper fusion-flex-column-wrapper-legacy\"><div class=\"fusion-title title fusion-title-4 fusion-sep-none fusion-title-text fusion-title-size-one\"><h1 class=\"fusion-title-heading title-heading-left fusion-responsive-typography-calculated\" style=\"margin:0;--fontSize:34;line-height:1.4;\"><h2>1943<\/h2><\/h1><\/div><div class=\"fusion-text fusion-text-5\"><p>Am 27. Juni 1943 schritt die gesamte Turnerfamilie in einem feierlichen Umzug durch das festlich geschm\u00fcckte Dorf dem Festplatz zu. Unter der Mitwirkung der Ortsvereine und der verschiedenen Riegen des Turnvereins ging der offizielle Weiheakt \u00fcber die B\u00fchne.<\/p>\n<\/div><div class=\"fusion-clearfix\"><\/div><\/div><\/div><div class=\"fusion-layout-column fusion_builder_column fusion-builder-column-7 fusion_builder_column_1_3 1_3 fusion-one-third fusion-column-last\" style=\"--awb-bg-size:cover;width:33.333333333333%;width:calc(33.333333333333% - ( ( 4% ) * 0.33333333333333 ) );\"><div class=\"fusion-column-wrapper fusion-flex-column-wrapper-legacy\"><div class=\"fusion-text fusion-text-6\"><\/div><div class=\"fusion-image-element in-legacy-container\" style=\"--awb-caption-title-font-family:var(--h2_typography-font-family);--awb-caption-title-font-weight:var(--h2_typography-font-weight);--awb-caption-title-font-style:var(--h2_typography-font-style);--awb-caption-title-size:var(--h2_typography-font-size);--awb-caption-title-transform:var(--h2_typography-text-transform);--awb-caption-title-line-height:var(--h2_typography-line-height);--awb-caption-title-letter-spacing:var(--h2_typography-letter-spacing);\"><span class=\" fusion-imageframe imageframe-none imageframe-3 hover-type-none\"><img decoding=\"async\" width=\"230\" height=\"220\" title=\"vereinsfahnen-1943\" src=\"https:\/\/www.tvettingen.ch\/extranet\/wp-content\/uploads\/2018\/11\/vereinsfahnen-1943.jpg\" alt class=\"img-responsive wp-image-909\" srcset=\"https:\/\/www.tvettingen.ch\/extranet\/wp-content\/uploads\/2018\/11\/vereinsfahnen-1943-200x191.jpg 200w, https:\/\/www.tvettingen.ch\/extranet\/wp-content\/uploads\/2018\/11\/vereinsfahnen-1943.jpg 230w\" sizes=\"(max-width: 800px) 100vw, 230px\" \/><\/span><\/div><div class=\"fusion-clearfix\"><\/div><\/div><\/div><\/div><\/div><div class=\"fusion-fullwidth fullwidth-box fusion-builder-row-5 nonhundred-percent-fullwidth non-hundred-percent-height-scrolling\" style=\"--awb-border-radius-top-left:0px;--awb-border-radius-top-right:0px;--awb-border-radius-bottom-right:0px;--awb-border-radius-bottom-left:0px;--awb-flex-wrap:wrap;\" ><div class=\"fusion-builder-row fusion-row\"><div class=\"fusion-layout-column fusion_builder_column fusion-builder-column-8 fusion_builder_column_2_3 2_3 fusion-two-third fusion-column-first\" style=\"--awb-bg-size:cover;width:66.666666666667%;width:calc(66.666666666667% - ( ( 4% ) * 0.66666666666667 ) );margin-right: 4%;\"><div class=\"fusion-column-wrapper fusion-flex-column-wrapper-legacy\"><div class=\"fusion-title title fusion-title-5 fusion-sep-none fusion-title-text fusion-title-size-one\"><h1 class=\"fusion-title-heading title-heading-left fusion-responsive-typography-calculated\" style=\"margin:0;--fontSize:34;line-height:1.4;\"><h2>1968<\/h2><\/h1><\/div><div class=\"fusion-text fusion-text-7\"><p>Die Gotte Marie Th\u00fcring und der G\u00f6tti Dominik Th\u00fcring standen zur Seite, als der Pr\u00e4sident der Patensektion Bottmingen das neue Banner der Obhut des F\u00e4hnrichs \u00fcbergab. Freudestrahlend durfte auch die Jugendriege ihr erstes F\u00e4hnchen in Empfang nehmen. 25 Jahre lang wehte das Banner mit den vier F, das weisse Kreuz im roten Feld symbolisierend, stolz unserem Verein voran, bis es am 26. September 1968 mit einem glanzvollen Festakt von einer neuen Fahne abgel\u00f6st wurde. Als Paten stellten sich R\u00f6sli St\u00f6cklin , ehemalige Wirtin im Restaurant &#8222;Sch\u00fctzenstube&#8220; und Hanspeter St\u00f6cklin, &#8222;Baumeister&#8220; zur Verf\u00fcgung und der Turnverein Biel-Benken \u00fcbernahm in freundschaftlicher Weise das ehrenvolle Amt der Patensektion. 25 Jahre hat uns dieses dritte Banner, in den Farben des Ettinger Dorfwappens mit dem modern gestalteten Sujet zweier Turner, viel Freude bereitet und uns von manchem Fest kranzgeschm\u00fcckt heimbegleitet.<\/p>\n<\/div><div class=\"fusion-clearfix\"><\/div><\/div><\/div><div class=\"fusion-layout-column fusion_builder_column fusion-builder-column-9 fusion_builder_column_1_3 1_3 fusion-one-third fusion-column-last\" style=\"--awb-bg-size:cover;width:33.333333333333%;width:calc(33.333333333333% - ( ( 4% ) * 0.33333333333333 ) );\"><div class=\"fusion-column-wrapper fusion-flex-column-wrapper-legacy\"><div class=\"fusion-text fusion-text-8\"><\/div><div class=\"fusion-image-element in-legacy-container\" style=\"--awb-caption-title-font-family:var(--h2_typography-font-family);--awb-caption-title-font-weight:var(--h2_typography-font-weight);--awb-caption-title-font-style:var(--h2_typography-font-style);--awb-caption-title-size:var(--h2_typography-font-size);--awb-caption-title-transform:var(--h2_typography-text-transform);--awb-caption-title-line-height:var(--h2_typography-line-height);--awb-caption-title-letter-spacing:var(--h2_typography-letter-spacing);\"><span class=\" fusion-imageframe imageframe-none imageframe-4 hover-type-none\"><img decoding=\"async\" width=\"230\" height=\"138\" title=\"fahnentaufe\" src=\"https:\/\/www.tvettingen.ch\/extranet\/wp-content\/uploads\/2018\/11\/fahnentaufe.jpg\" alt class=\"img-responsive wp-image-911\" srcset=\"https:\/\/www.tvettingen.ch\/extranet\/wp-content\/uploads\/2018\/11\/fahnentaufe-200x120.jpg 200w, https:\/\/www.tvettingen.ch\/extranet\/wp-content\/uploads\/2018\/11\/fahnentaufe.jpg 230w\" sizes=\"(max-width: 800px) 100vw, 230px\" \/><\/span><\/div><div class=\"fusion-clearfix\"><\/div><\/div><\/div><\/div><\/div><div class=\"fusion-fullwidth fullwidth-box fusion-builder-row-6 nonhundred-percent-fullwidth non-hundred-percent-height-scrolling\" style=\"--awb-border-radius-top-left:0px;--awb-border-radius-top-right:0px;--awb-border-radius-bottom-right:0px;--awb-border-radius-bottom-left:0px;--awb-flex-wrap:wrap;\" ><div class=\"fusion-builder-row fusion-row\"><div class=\"fusion-layout-column fusion_builder_column fusion-builder-column-10 fusion_builder_column_2_3 2_3 fusion-two-third fusion-column-first\" style=\"--awb-bg-size:cover;width:66.666666666667%;width:calc(66.666666666667% - ( ( 4% ) * 0.66666666666667 ) );margin-right: 4%;\"><div class=\"fusion-column-wrapper fusion-flex-column-wrapper-legacy\"><div class=\"fusion-title title fusion-title-6 fusion-sep-none fusion-title-text fusion-title-size-one\"><h1 class=\"fusion-title-heading title-heading-left fusion-responsive-typography-calculated\" style=\"margin:0;--fontSize:34;line-height:1.4;\"><h2>1993<\/h2><\/h1><\/div><div class=\"fusion-text fusion-text-9\"><p>Im August 1993 wurde dann unser heutiges Banner mit einem grossartigen Festakt eingeweiht. Die Fahnengotte Lilian Peter und der TV Bottmingen als Patensektion enth\u00fcllten die neue Fahne und \u00fcbergaben sie dem Turnverein. Der leider erkrankte G\u00f6tti Anton Gorrengourt liess sich von seiner Frau Miranda vertreten. Als grosse Ueberraschung \u00fcberreichten die Paten jedem Turner ein Bierglas, bedruckt mit dem Signet der neuen Fahne.<\/p>\n<p>Auch dieses neue Banner, entworfen von Thomas Sauter, gef\u00e4llt durch seine moderne dynamische Gestaltung. Es wird uns sicher viel Freude bereiten und uns noch auf manchem Wege begleiten.<\/p>\n<\/div><div class=\"fusion-clearfix\"><\/div><\/div><\/div><div class=\"fusion-layout-column fusion_builder_column fusion-builder-column-11 fusion_builder_column_1_3 1_3 fusion-one-third fusion-column-last\" style=\"--awb-bg-size:cover;width:33.333333333333%;width:calc(33.333333333333% - ( ( 4% ) * 0.33333333333333 ) );\"><div class=\"fusion-column-wrapper fusion-flex-column-wrapper-legacy\"><div class=\"fusion-text fusion-text-10\"><\/div><div class=\"fusion-image-element in-legacy-container\" style=\"--awb-caption-title-font-family:var(--h2_typography-font-family);--awb-caption-title-font-weight:var(--h2_typography-font-weight);--awb-caption-title-font-style:var(--h2_typography-font-style);--awb-caption-title-size:var(--h2_typography-font-size);--awb-caption-title-transform:var(--h2_typography-text-transform);--awb-caption-title-line-height:var(--h2_typography-line-height);--awb-caption-title-letter-spacing:var(--h2_typography-letter-spacing);\"><span class=\" fusion-imageframe imageframe-none imageframe-5 hover-type-none\"><img decoding=\"async\" width=\"230\" height=\"157\" title=\"vereinsfahnen-1968\" src=\"https:\/\/www.tvettingen.ch\/extranet\/wp-content\/uploads\/2018\/11\/vereinsfahnen-1968.jpg\" alt class=\"img-responsive wp-image-912\" srcset=\"https:\/\/www.tvettingen.ch\/extranet\/wp-content\/uploads\/2018\/11\/vereinsfahnen-1968-200x137.jpg 200w, https:\/\/www.tvettingen.ch\/extranet\/wp-content\/uploads\/2018\/11\/vereinsfahnen-1968.jpg 230w\" sizes=\"(max-width: 800px) 100vw, 230px\" \/><\/span><\/div><div class=\"fusion-text fusion-text-11\"><h2>&nbsp;<\/h2>\n<\/div><div class=\"fusion-image-element in-legacy-container\" style=\"--awb-caption-title-font-family:var(--h2_typography-font-family);--awb-caption-title-font-weight:var(--h2_typography-font-weight);--awb-caption-title-font-style:var(--h2_typography-font-style);--awb-caption-title-size:var(--h2_typography-font-size);--awb-caption-title-transform:var(--h2_typography-text-transform);--awb-caption-title-line-height:var(--h2_typography-line-height);--awb-caption-title-letter-spacing:var(--h2_typography-letter-spacing);\"><span class=\" fusion-imageframe imageframe-none imageframe-6 hover-type-none\"><img decoding=\"async\" width=\"230\" height=\"152\" title=\"vereinsfahnen-1993\" src=\"https:\/\/www.tvettingen.ch\/extranet\/wp-content\/uploads\/2018\/11\/vereinsfahnen-1993.jpg\" alt class=\"img-responsive wp-image-913\" srcset=\"https:\/\/www.tvettingen.ch\/extranet\/wp-content\/uploads\/2018\/11\/vereinsfahnen-1993-200x132.jpg 200w, https:\/\/www.tvettingen.ch\/extranet\/wp-content\/uploads\/2018\/11\/vereinsfahnen-1993.jpg 230w\" sizes=\"(max-width: 800px) 100vw, 230px\" \/><\/span><\/div><div class=\"fusion-clearfix\"><\/div><\/div><\/div><\/div><\/div><\/p>\n","protected":false},"excerpt":{"rendered":"","protected":false},"author":1,"featured_media":0,"parent":0,"menu_order":0,"comment_status":"closed","ping_status":"closed","template":"","meta":{"ngg_post_thumbnail":0,"footnotes":""},"class_list":["post-898","page","type-page","status-publish","hentry"],"_links":{"self":[{"href":"https:\/\/www.tvettingen.ch\/extranet\/wp-json\/wp\/v2\/pages\/898","targetHints":{"allow":["GET"]}}],"collection":[{"href":"https:\/\/www.tvettingen.ch\/extranet\/wp-json\/wp\/v2\/pages"}],"about":[{"href":"https:\/\/www.tvettingen.ch\/extranet\/wp-json\/wp\/v2\/types\/page"}],"author":[{"embeddable":true,"href":"https:\/\/www.tvettingen.ch\/extranet\/wp-json\/wp\/v2\/users\/1"}],"replies":[{"embeddable":true,"href":"https:\/\/www.tvettingen.ch\/extranet\/wp-json\/wp\/v2\/comments?post=898"}],"version-history":[{"count":20,"href":"https:\/\/www.tvettingen.ch\/extranet\/wp-json\/wp\/v2\/pages\/898\/revisions"}],"predecessor-version":[{"id":926,"href":"https:\/\/www.tvettingen.ch\/extranet\/wp-json\/wp\/v2\/pages\/898\/revisions\/926"}],"wp:attachment":[{"href":"https:\/\/www.tvettingen.ch\/extranet\/wp-json\/wp\/v2\/media?parent=898"}],"curies":[{"name":"wp","href":"https:\/\/api.w.org\/{rel}","templated":true}]}}